*2 - 2*s - 2. Determine u(2).
-2
Let v(t) = 2*t**2 + 17*t + 9. Calculate v(-8).
1
Let w(j) = -j + 6. Give w(0).
6
Let c(b) = 2*b**3 + 8*b**2 - 24*b - 1. Determine c(-6).
-1
Let j(f) = f - 26. Give j(8).
-18
Let p(g) = -2*g**3 + g**2 - 2*g + 4. Determine p(3).
-47
Let p(g) = g**3 - 5*g**2 + 2*g + 6. Calculate p(5).
16
Let r(a) = a**2 - 19*a - 11. What is r(19)?
-11
Let t(b) = -b - 2. Give t(-4).
2
Let v(r) = 3*r**2 + 27*r + 18. Determine v(-8).
-6
Let a(x) = 3*x - 105. What is a(35)?
0
Let y(b) = -b**2 - 12*b - 23. Determine y(-6).
13
Let r(g) = -3*g - 8. What is r(-4)?
4
Let c(d) = 4*d - 4. Calculate c(-4).
-20
Let d(m) = m**3 + 6*m**2 - 15*m - 2. Determine d(-8).
-10
Let v(q) = q**2 + 11*q - 15. Calculate v(-12).
-3
Let x(t) = t**2 + 11*t + 11. What is x(-10)?
1
Let u(a) = -6*a - 1. What is u(1)?
-7
Let k(x) = -x**3 - 9*x**2 - 10*x - 20. Give k(-8).
-4
Let y(b) = 5*b**2 + b. Determine y(-2).
18
Let h(t) = -4*t - 40. Give h(16).
-104
Let x(m) = -m**2 - 12*m + 24. What is x(-14)?
-4
Let b(s) = s**3 + 7*s**2 + 7*s - 2. Calculate b(-6).
-8
Let r(i) = i**3 + 7*i**2 + 3. Calculate r(-7).
3
Let q(a) = -a**2 + 3*a + 10. Determine q(-2).
0
Let u(d) = -d**3 + 16*d**2 + 19*d - 18. Give u(17).
16
Let v(f) = -4*f**2 - 57*f + 34. Determine v(-15).
-11
Let y(k) = k**3 - k**2 + 3*k - 29. Give y(0).
-29
Let a(q) = q**2 + 2*q - 10. What is a(-6)?
14
Let w(m) = m**3 + 7*m**2 - 12*m - 8. Determine w(-8).
24
Let a(o) = 117*o + 2. Determine a(-1).
-115
Let v(g) = -g**3 + 2*g**2 + 2*g + 4. Calculate v(3).
1
Let g(r) = -r - 11. Calculate g(-6).
-5
Let c(z) = z**3 + 24*z**2 + 106*z - 8. Give c(-6).
4
Let f(t) = -t**2 + 4*t + 1. What is f(-1)?
-4
Let w(o) = 2*o**2 - 10*o - 11. Give w(8).
37
Let v(a) = a**3 + 7*a**2 + 5*a + 5. Determine v(-6).
11
Let h(f) = -f**3 - 2*f**2 - 35*f + 6. What is h(0)?
6
Let j(l) = -7*l + 111. Determine j(15).
6
Let a(h) = 2*h + 16. What is a(-15)?
-14
Let f(y) = -y**3 - 19*y**2 + 11. What is f(-19)?
11
Let u(t) = -12*t**3 + t**2 + 2*t + 1. Calculate u(-1).
12
Let m(x) = x**3 - 9*x**2 + 3*x - 3. Give m(4).
-71
Let w(l) = 3*l**3 + 2*l**2 - 2*l - 3. Determine w(-3).
-60
Let k(p) = -8*p - 13. What is k(-4)?
19
Let k(o) = 2*o**2 - 15*o + 19. Calculate k(7).
12
Let j(r) = -r**2 - r - 3. What is j(0)?
-3
Let a(k) = -k**3 + 11*k**2 - 19*k - 20. Give a(8).
20
Let z(a) = a**3 - a**2 + a + 1. Give z(2).
7
Let s(h) = -29*h + 176. Determine s(6).
2
Let c(f) = -f**3 + 7*f**2 + 28*f + 12. Give c(10).
-8
Let f(m) = -m**2 - 6*m + 8. What is f(-7)?
1
Let w(h) = -3*h**3 - 1. Give w(-2).
23
Let z(n) = n**2 - 20*n - 4. Calculate z(20).
-4
Let o(k) = -k + 11. What is o(5)?
6
Let d(t) = t - 5. Calculate d(11).
6
Let q(p) = -p**3 - 9*p**2 - 2*p - 2. What is q(-9)?
16
Let y(n) = -15*n - 115. Give y(-7).
-10
Let i(w) = -3*w**3 + 5*w**2 - w - 5. Determine i(2).
-11
Let t(v) = -32*v**3 + v**2 - 2*v - 2. Calculate t(-1).
33
Let q(a) = -a**3 - 5*a**2 - 12*a - 3. Determine q(-4).
29
Let x(w) = 12*w - 9. What is x(5)?
51
Let o(r) = -60*r + 121. Give o(2).
1
Let t(h) = -h**2 + 8*h + 24. What is t(10)?
4
Let h(v) = 12*v**2 + 9*v + 4. Give h(-1).
7
Let z(y) = 7*y**3 + 1. Determine z(1).
8
Let p(v) = 6*v - 5. Determine p(9).
49
Let p(k) = -k**3 - 32*k**2 - 87*k - 3. What is p(-29)?
-3
Let d(x) = 17*x + 1064. Give d(-62).
10
Let a(v) = -7*v**3 + v + 1. Determine a(-1).
7
Let p(k) = k**2 + 28*k + 35. Calculate p(-27).
8
Let b(d) = 25*d - 247. What is b(10)?
3
Let i(z) = 16*z + 54. Give i(-6).
-42
Let q(l) = l**3 + 3*l**2 + 2*l - 5. Give q(-5).
-65
Let z(l) = -l**2 + 3*l + 8. Calculate z(6).
-10
Let b(i) = -9*i - 42. Calculate b(-5).
3
Let k(q) = 6*q + 22. What is k(-4)?
-2
Let o(j) = -5*j + 9. What is o(3)?
-6
Let b(v) = v**2 + 14*v + 17. What is b(-5)?
-28
Let h(p) = 16*p - 4. Determine h(2).
28
Let n(t) = -t**3 - 2*t**2 - 3*t - 1. Give n(-2).
5
Let y(g) = -g**3 - g**2 + 2*g - 6. Determine y(-3).
6
Let y(s) = s**3 - 4*s**2 + 6*s - 7. What is y(2)?
-3
Let f(t) = -t**2 - 10*t - 12. Determine f(-8).
4
Let n(o) = -o**2 + 9. Give n(7).
-40
Let p(c) = 3*c - 52. Calculate p(16).
-4
Let q(b) = 2*b. Give q(7).
14
Let f(w) = -w**3 - 8*w**2 + 7*w + 6. Give f(-9).
24
Let p(k) = -k**3 - 11*k**2 + 3*k + 27. Give p(-11).
-6
Let x(d) = 56*d - 31. Calculate x(3).
137
Let g(b) = b**2 - 3. Calculate g(-11).
118
Let p(n) = -4*n - 5. Calculate p(-2).
3
Let f(b) = b**3 - 8*b**2 + 9*b - 19. Determine f(7).
-5
Let c(v) = -v**3 + 9*v**2 - 10*v + 2. Calculate c(7).
30
Let f(b) = -b**3 - 10*b**2 - 12*b. Determine f(-9).
27
Let z(a) = 3*a - 18. What is z(7)?
3
Let y(u) = 2*u + 8. Determine y(-8).
-8
Let f(r) = -r**3 - 16*r**2 - 13*r + 29. Determine f(-15).
-1
Let j(c) = 16*c - 32. Give j(5).
48
Let y(z) = -32*z + 356. Determine y(11).
4
Let y(a) = -21*a**2 + 1. Give y(1).
-20
Let s(i) = 5*i + 68. Determine s(-13).
3
Let t(k) = 2*k**3 + 17*k**2 + 15*k + 55. Determine t(-8).
-1
Let r(t) = t**2 + 14*t - 62. Determine r(3).
-11
Let d(t) = -t**3 - 11*t**2 - 13*t + 31. What is d(-9)?
-14
Let c(r) = 2*r**2 - 16*r - 7. What is c(8)?
-7
Let t(r) = -r + 8. What is t(8)?
0
Let p(u) = -4*u**3 - 4*u**2 + 6*u - 6. Calculate p(2).
-42
Let i(g) = g**3 - 4*g**2 - 2*g + 2. What is i(-3)?
-55
Let f(u) = u**3 - 9*u**2 + 5*u - 13. Calculate f(9).
32
Let a(p) = p - 4. Calculate a(-6).
-10
Let i(n) = -n**3 + 21*n**2 + 47*n - 20. Determine i(23).
3
Let f(i) = i**3 - 12*i**2 - 13*i - 11. Determine f(13).
-11
Let i(p) = p**2 - 26*p - 187. What is i(32)?
5
Let y(m) = m**2 + 11*m + 14. Give y(-8).
-10
Let b(r) = -r**3 - 6*r**2 - 5*r + 5. Calculate b(-6).
35
Let j(a) = a**2 - a + 1. Give j(5).
21
Let b(q) = -q**3 + 9*q**2 + 14*q - 15. Determine b(10).
25
Let r(u) = u**3 + 8*u**2 - 4*u + 18. Give r(-9).
-27
Let k(g) = -g**2 + 20*g - 102. Give k(10).
-2
Let q(w) = -w**3 - 13*w**2 + 6*w - 41. Calculate q(-14).
71
Let c(v) = -2*v**2 + 31*v - 13. What is c(13)?
52
Let c(y) = y**2 - 10*y - 1. What is c(10)?
-1
Let f(q) = -q**3 - 2*q**2 + 2*q + 4. Give f(3).
-35
Let x(f) = 7*f + 92. Calculate x(-14).
-6
Let s(j) = -j**3 + 13*j**2 - 13. What is s(13)?
-13
Let z(c) = -c**3 - 6*c**2 - 6*c - 5. Calculate z(-5).
0
Let i(m) = m**3 + 4*m**2. Calculate i(-4).
0
Let r(s) = 2*s**3 + 17*s**2 + 7*s - 5. Calculate r(-8).
3
Let t(f) = -3*f + 2. Calculate t(4).
-10
Let s(o) = -33*o**2 - o. Calculate s(-1).
-32
Let d(g) = -13*g - 4. What is d(2)?
-30
Let x(v) = -v**3 + 4*v**2 - 6*v + 4. Determine x(4).
-20
Let z(b) = -b - 2. What is z(-1)?
-1
Let v(f) = -f**2 - 21*f + 49. Calculate v(-23).
3
Let s(p) = -p**2 - 18*p - 64. Calculate s(-5).
1
Let x(q) = -q + 7. Calculate x(-14).
21
Let x(l) = 16*l + 6. Determine x(0).
6
Let c(p) = p**3 + 5*p**2 + p - 4. Calculate c(-4).
8
Let w(l) = l**3 + 3*l**2 + l - 4. Determine w(-2).
-2
Let y(s) = s**3 + 16*s**2 + 17*s + 5. Give y(-15).
-25
Let u(t) = -t - 10. Calculate u(-12).
2
Let h(g) = -g**2 - 9*g + 23. What is h(-11)?
1
Let r(l) = 15*l - 368. Determine r(24).
-8
Let i(u) = -19*u. Determine i(1).
-19
Let j(h) = 64*h**3 + 1. Calculate j(1).
65
Let b(r) = r**2 - 33*r + 82. What is b(30)?
-8
Let q(c) = c**2 + 11*c + 3. Calculate q(-11).
3
Let u(f) = 33*f + 3. Determine u(-2).
-63
Let m(t) = -t**2 + 39*t + 452. Calculate m(48).
20
Let r(p) = p**3 - 8*p + 3. Determine r(0).
3
Let t(w) = -2*w - 16. Determine t(0).
-16
Let u(b) = 4*b + 129. What is u(-31)?
5
Let w(y) = y - 12. Give w(-11).
-23
Let t(m) = 2*m + 7. Give t(-12).
-17
Let u(t) = -t**2 - 19*t - 32. Determine u(-17).
2
Let c(k) = -31*k**3 + k**2 + k - 1. Give c(1).
-30
Let x(q) = q**3 + 10*q**2 + 11*q - 3. What is x(-9)?
-21
Let x(k) = 17*k - 504. Calculate x(29).
-11
Let l(y) = -2*y**2 - 27*y - 14. Calculate l(-13).
-1
Let q(i) = -2*i**2 + 117*i - 175. What is q(57)?
-4
Let a(s) = 4*s**3 + 4*s**2 + s - 1. Give a(1).
8
Let c(g) = -2*g**3 + 5*g**2 - 3*g + 4. What is c(3)?
-14
Let q(n) = n**3 - 5*n**2 - n + 1. Calculate q(5).
-4
Let f(h) = 26*h + 57. Calculate f(-3).
-21
Let s(b) = -5*b - 40. Give s(-5).
-15
Let y(o) = -o**3 + 7*o**2 + 2*o - 8. What is y(6)?
40
Let t(f) = -11*f**3 + 4*f**2 + 2*f - 3. What is t(1)?
-8
Let f(z) = -2*z**2 - 34*z + 21. What is f(-18)?
-15
Let m(g) = -g + 4. Calculate m(-1).
5
Let h(k) = -k**2 + k. What is h(2)?
-2
Let k(r) = -2*r**3 + 9*r**2 + 9*r + 49. Give k(6).
-5
Let f(s) = -6*s**2 - s. Give f(2).
-26
Let b(v) = -v**3 + 9*v*